 348. What is the hundreds digit of i?
1
Suppose 4*z - 4*l + 4 = 0, 1 + 9 = -z + 4*l. Suppose z*a = -42 + 34. Let i(u) = -u + 8. What is the tens digit of i(a)?
1
Let f(y) = 40*y - 16. What is the thousands digit of f(34)?
1
Let r(f) = 5*f + 10. Let c be r(-2). Suppose 2*q - 5*q + 1314 = c. What is the units digit of 48/(-36)*q/(-4)?
6
Let j = -2443 - -17855. What is the units digit of j?
2
Suppose -338*f + 1612 = -325*f. What is the units digit of f?
4
Let i(x) = x**3 - 4*x**2 - 4*x - 7. Let a(y) = y - 11. Let r be a(13). Suppose -r*n - 35 = -7*n. What is the hundreds digit of i(n)?
1
Let a = 953 + 6706. What is the units digit of a?
9
Suppose -44*l - 267 = -45*l + 3*v, -4*l = v - 1029. What is the tens digit of l?
5
What is the tens digit of ((-50)/60)/((-4)/(-6)) - 37370/(-8)?
7
Let i(q) = 5*q**2. Let d be i(7). Let b = 486 - d. What is the hundreds digit of b?
2
Let x(d) = -35*d + 13. Let m(s) = -s**2 - 4*s - 7. Let g be m(-3). What is the units digit of x(g)?
3
Suppose l = 5*p - 80, -5*p + 55 = -3*l - 25. Let z = p - 10. Let u(r) = 19*r - 12. What is the tens digit of u(z)?
0
Suppose 0 = 8*j + 687 - 655. What is the tens digit of (1698 - 0) + -3*j/6?
0
Let n be 20/2*(-26)/(-65). Suppose -n*g = 4*g - 3760. What is the tens digit of g?
7
Suppose 0 = 11*o + 190 - 278. What is the hundreds digit of (-12 - 988/(-39))*282/o?
4
Suppose h + 2*b = 18869, 1633*h - 1638*h + b = -94389. What is the tens digit of h?
7
Suppose 0 = -8*o + 291 + 373. Let x = o - 194. Let p = -36 - x. What is the tens digit of p?
7
Let h = 3898 + -2271. Suppose 0 = -k - 3*d + 847, 0 = 4*k - d - 1800 - h. What is the units digit of k?
6
Suppose 4*z - 106*s - 269 = -109*s, -5*z - 3*s + 340 = 0. Let b be (-107)/(-4) + 1/4. Let f = z - b. What is the tens digit of f?
4
Suppose 17*v = 115388 + 186889. What is the units digit of v?
1
Suppose 20*t + 36366 = -9*t. What is the tens digit of 5 + ((-60)/18)/5*t?
4
Let k(t) = 113*t**2 + 16*t - 4. What is the hundreds digit of k(-8)?
1
Suppose -7*r + 3*r = -12. Suppose -r*f = 4*f + 196. What is the tens digit of 78*f/(-24)*4/7?
5
Let y(b) = -4*b**3 - 9*b**2 - 24*b + 59. What is the tens digit of y(-12)?
6
Let z = -1381 + 811. Let o = z + 809. What is the hundreds digit of o?
2
Suppose 7*l - 32514 = 131699. What is the ten thousands digit of l?
2
Suppose j - 2*o - 28 = -4*j, 4*o - 10 = -j. Suppose -9 + 27 = j*f. Suppose f*q + 14 = -3*v - v, 4*q + 2*v = -2. What is the units digit of q?
2
Suppose -4*v - 107 = -7. Let i be ((-58)/(-3))/(48/(-72)). Let g = v - i. What is the units digit of g?
4
Let x = -2264 - -3828. Suppose 9139 = 15*u + x. What is the hundreds digit of u?
5
Let c = -271 + 181. Let w = c + 185. Suppose 3*q = 2*q + w. What is the tens digit of q?
9
Suppose -g + 0*g - x + 3220 = 0, 3*x = g - 3200. Suppose 25*m - 10640 = -g. What is the tens digit of m?
9
Let a = 141 - 136. Suppose 4*r + 7*t - 1021 = 12*t, a*r = 4*t + 1274. What is the hundreds digit of r?
2
Let k be 9/(-5) - 24/(-30). Let n be ((-1)/3)/((-14)/(-15) + k). Suppose n*m - 214 = 221. What is the units digit of m?
7
Let z be (4/10)/(96/(-80))*18. Let o(q) = 19*q**2 + 6*q + 27. What is the tens digit of o(z)?
7
Let c(x) = -x - 9. Let o be c(-12). Suppose 115 - 103 = -o*u. Let j(l) = l**2 + 6*l + 14. What is the units digit of j(u)?
6
Let a(v) = 4*v + 42. Let z be a(-9). Let l be (-4)/22 + 730/22. Let b = z + l. What is the tens digit of b?
3
Suppose -84 = -22*o + 15*o. Suppose -2*g - 2*d = -o, 3*g - 3*d + 2 = -4. What is the units digit of 2/(g/207)*1?
7
Let y(c) = 23*c + 184. Let i be y(-8). Suppose p + 3*f = -f + 318, -3*f - 15 = i. What is the tens digit of p?
3
Let h(q) = -q**3 - q - 13. Let d be h(0). Let y(w) = -w**3 - 14*w**2 - 15*w - 29. Let c be y(d). What is the tens digit of 333/6 + c/(-6)?
5
Let o(i) = -18126*i**3 - 8*i**2 - 19*i - 11. What is the hundreds digit of o(-1)?
1
Suppose 6*z - 3*z - 11067 = 0. Suppose -26*a = z - 12009. What is the units digit of a?
0
Suppose 3*l = -4*g + 17, -2*g + 5*l - 19 = -4*g. Suppose -2*x - 5*m + 712 = -x, -g = 2*m. What is the units digit of x?
7
Let d = -203 + 70. Let x = d + 152. What is the tens digit of x?
1
Let a(l) = -2*l + 3*l - 2*l + 13. Let j be a(12). What is the tens digit of (-54)/18 + 123*j?
2
Let f(w) = 99*w**2 + 37*w + 1173. What is the hundreds digit of f(-25)?
1
Let a = 41 - 53. Let s be (-57)/(-18) + 2/a. Suppose 11 = -s*b + 71. What is the units digit of b?
0
Let n(b) = -53*b**3 - 5*b**2 + 2*b - 50. What is the units digit of n(-5)?
0
Let u(f) = 721*f + 425. What is the thousands digit of u(9)?
6
Let s(r) = -17*r**2 + 38*r + 5. Let a(x) = 2*x + 1. Let o(z) = 6*a(z) - s(z). What is the tens digit of o(11)?
7
Suppose 4*o + 30 = 3*g, 4*o + 3*g = -10 - 8. What is the units digit of 1 + (-3 - o) + (0 - -211)?
5
Suppose -9*c + 1188 = -18*c. Let k = c - -335. What is the hundreds digit of k?
2
Let k be 3*1 - (15 - 972). Suppose 4*f + k = 12*f. What is the tens digit of f?
2
Suppose 2*f = -5 + 35. Let c = f - 11. What is the tens digit of 66 + 3*c/6?
6
Let z(j) be the first derivative of j**6/120 + j**5/30 - j**4/8 + 21*j**2/2 - 37. Let m(l) be the second derivative of z(l). What is the units digit of m(5)?
0
Let f(u) = u**2 - u + 7. Let o be f(0). Let b(n) = -2*n**2 + 3*n - 20. Let v be b(o). Let q = 53 - v. What is the hundreds digit of q?
1
What is the ten thousands digit of 8*(-16)/((3/3)/(698/(-4)))?
2
Suppose 499139 + 669460 = 103*w + 411137. What is the tens digit of w?
5
Let w = -12022 + 31167. What is the thousands digit of w?
9
Suppose -5*a = d - 15201, 0 = -158*d + 155*d + 6*a + 45561. What is the hundreds digit of d?
1
Let t = 45393 - -16134. What is the thousands digit of t?
1
Suppose -2*u - 4*n + 9 = -u, 0 = 2*u - n - 27. Let s = -12 + u. What is the tens digit of s + 96 + 5 + -3?
9
Suppose 0 = 6*b - 5866 - 11192. What is the hundreds digit of b?
8
Let q = -185 - -321. Let k = q - 16. Suppose k = -5*w + 9*w. What is the tens digit of w?
3
Let s be 60/14 + 26/(-91). Suppose -y + 523 = -5*a, -y - s*a + a = -531. What is the units digit of y?
8
Suppose a - 3*d = -4*d + 73, 3*a + 4*d - 224 = 0. Suppose -36 = 8*g + a. Let f = g - -81. What is the tens digit of f?
6
Let k(o) = o**3 - 4*o**2 - 12*o + 12. Let q be k(8). Suppose 4*j - q = 128. Suppose -j = 64*b - 69*b. What is the units digit of b?
5
Suppose 35*c + 77608 = 179187 + 172576. What is the tens digit of c?
3
Let j(c) be the third derivative of c**5/20 + c**4/6 - c**3 - 195*c**2 + c. Suppose -5*d - p + 16 = 0, 2*d - 2*p = 4*d. What is the units digit of j(d)?
8
Let c(f) = 4*f**3 + 4*f**2 - 15*f. Let j be c(4). Suppose 6*y = j + 5116. What is the units digit of y?
6
Let f(u) = 183*u**2 + 146*u + 1333. What is the hundreds digit of f(-10)?
1
Let n = -1283 - -12889. What is the ten thousands digit of n?
1
Let m(d) = 18*d**3 - d**2 - 4*d + 1. Suppose -27 + 21 = -3*c. What is the hundreds digit of m(c)?
1
Suppose 59*i + 205334 = 1165618. What is the hundreds digit of i?
2
Suppose 0 = 2*y - 5 - 1, -5*y + 36 = 3*b. Let c(j) = j**2 + j. Let v(p) = p**3 - 11*p**2 - 16*p + 9. Let z(l) = -5*c(l) - v(l). What is the tens digit of z(b)?
1
Suppose -3*z + 13*l - 14*l + 6 = 0, 0 = -3*l - 9. Suppose 3*o - 5*s - 575 = 0, -z*o = -4*o + 3*s + 189. What is the tens digit of o?
9
Let h be (-6)/(-12) + (-3)/6. Let q be (-10 - -95) + h/(-1). Suppose -5*v - 42 = -r, 5*r + 4*v - q = 212. What is the tens digit of r?
5
Let f(s) = -s**3 - 8*s**2 - 14*s - 6. Let o be f(-6). Suppose -o*v + 9*v = 1164. What is the tens digit of v?
8
What is the ten thousands digit of ((-978075)/90)/((-3)/6)?
2
Let b be (1 + 1)/(11/22). Suppose 1668 = 5*c - 4*m, -987 = -b*c + 5*m + 351. What is the units digit of c?
2
Let j(k) = -8*k + 32. Let h be j(4). Suppose h = -6*y + 1924 + 1112. Suppose n - 682 = -4*g, 0*n = -3*g + 2*n + y. What is the tens digit of g?
7
Let y(w) = -w**3 - 2*w**2 - 14*w + 14. Let r be y(-11). Let d = r - 754. What is the hundreds digit of d?
5
Let b(a) = 4*a**3 - 5*a**2 - 2*a - 6. Let f be b(5). Suppose f = -3*z - g, -z + 3*g + 60 = 183. Let l = 211 + z. What is the units digit of l?
1
Suppose 2298 = 3*s + f, -432*f = 5*s - 433*f - 3830. What is the hundreds digit of s?
7
Suppose i - 2 = 2*i. Let t be 3/i*10/(-15). Let k = t + 9. What is the tens digit of k?
